4)/(12/9) is divided by b(-4).
17
Let t(o) = 201*o. Suppose -a - a + 1037 = -k, -4*a = -16. Let g = 1058 + k. Calculate the remainder when t(1) is divided by g.
27
Let r(x) = -x**3 - 31*x**2 - 24*x + 209. What is the remainder when 125 is divided by r(-30)?
9
Suppose -5*s + 385 = 370. What is the remainder when 2383 is divided by s?
1
Suppose 1238 = 5*b - g, 1002 = 4*b - 58*g + 63*g. Calculate the remainder when b is divided by 116.
16
Let j(p) = -p - 7. Let k = -19 + 9. Let n be j(k). Suppose 5*a - 32 = -l, -n*l = 4*a - 26 - 15. Calculate the remainder when 19 is divided by l.
5
Suppose 121*a - 910 = 56*a. Calculate the remainder when 2544 is divided by a.
10
Suppose -3*d + 2*g + 13 = 3*g, -d = 3*g - 15. Suppose -8*p + 3*p + 136 = -m, d*m + 128 = 5*p. Let u = -9 - -24. What is the remainder when p is divided by u?
13
Let t(a) = 23*a**3 - a**2 + a. Let q be t(1). Let w = -22 + q. What is the remainder when (4 + -16)*(-5)/20 is divided by w?
0
Let m(t) = 2*t**2 - t + 1. Let n(z) = -2*z**3 + 18*z**2 + z + 16. Let r be n(8). Let p = -70 + r. What is the remainder when p is divided by m(-3)?
16
Let s(i) = -3*i. Let r = -46 - 0. What is the remainder when (0 - -38)/(r/(-69)) is divided by s(-4)?
9
Suppose -1103 = -68*z + 325. Suppose x - 2*x = -2. Calculate the remainder when z is divided by x.
1
Let w = 34 + -5. Suppose 2*j = -10, 4*l - 3*l + 2*j + 8 = 0. Suppose -a + 24 = l*a. What is the remainder when w is divided by a?
5
Let u = -25 + -54. Let t = u + 95. Suppose -2*y = -y - t. Calculate the remainder when y is divided by 6.
4
Suppose 0 = 4*r + 8 - 24, -5*b + 2*r = -272. Let t = -1262 + 1282. Calculate the remainder when b is divided by t.
16
Let x(y) = 11*y + 442. Calculate the remainder when 2131 is divided by x(-39).
12
Let u = 217 + 157. What is the remainder when u is divided by 259?
115
Let q be 10*-5*(-4)/40. Suppose 2*w + 4 = -o + 6, 3*w - 29 = q*o. Let h = -3 - -4. What is the remainder when w is divided by h?
0
Suppose -291 = -92*w + 1079 + 1206. Calculate the remainder when 3748 is divided by w.
24
Suppose 5*j - 400 = 9*r - 14*r, -j + 3*r = -84. What is the remainder when 237 is divided by j?
75
Let o(x) be the second derivative of x**4/12 - 25*x**3/6 + 111*x**2/2 + 46*x. Calculate the remainder when 50 is divided by o(21).
23
Let a be 144/20 - (-5)/(-22 - 3). What is the remainder when 2/(-5) - 154/(-10) is divided by (0 - (a + -6))*-3?
0
What is the remainder when 961 is divided by (-51)/3 - -13 - -317?
22
Let g be (-33 - -35) + (3 - 0). Suppose 0*x = 5*x, -g*p = -3*x - 110. What is the remainder when 152 is divided by p?
20
Let d = -486 + 498. Calculate the remainder when 3550 is divided by d.
10
Let p(v) = -v**2 - 11*v - 15. Suppose -4*m - m = x + 21, m + 3*x + 7 = 0. Let q = m - -38. What is the remainder when q is divided by p(-8)?
7
Suppose 768 = 4063*s - 4071*s. Let n(c) = 2*c**3 + c**2 + 5*c + 3. Let w be n(4). Let k = w + s. What is the remainder when k is divided by 19?
14
Suppose 4*l = -2*o - 4, -3*o - 21 = -5*o + l. Calculate the remainder when 6*(8294/(-33))/(-13) is divided by o.
4
Let z = -8364 + 8459. Let l(d) = 12*d. What is the remainder when z is divided by l(2)?
23
Let o be 3398 + -3 + -2 + (-4 - -10). Suppose -15*x = -4*x - o. What is the remainder when x is divided by 52?
49
Suppose -4*q = 4*x - 10216, -19*q + 18*q = 5*x - 12786. What is the remainder when x is divided by 14?
10
Suppose 13*y + 27 - 92 = 0. Calculate the remainder when 74 is divided by y.
4
Let l(w) be the second derivative of w**4/12 - w**3 - 37*w**2 + 24*w - 2. What is the remainder when 303 is divided by l(13)?
14
Let h(a) be the third derivative of 223*a**4/24 + a**3/6 - 20*a**2. Let z be h(1). Suppose 0 = 7*s - z - 28. Calculate the remainder when 177 is divided by s.
33
Let n = 21 - 19. Suppose -n*m = -17*m + 90. Calculate the remainder when 21 is divided by m.
3
Suppose 0 = 30*f + 17*f + 33*f - 2400. What is the remainder when 12329 is divided by f?
29
Let j be ((-12)/(-15))/(26/390). What is the remainder when (-1 - -69)*j/(-84)*-7 is divided by 58?
10
Let h = 241 + -240. What is the remainder when h*(0 - 2) + 396 is divided by 50?
44
Suppose -5346 = -57*d + 3432. What is the remainder when 4008 is divided by d?
4
Let w(y) = -y**2 - 16*y - 64. Let b be w(-8). Calculate the remainder when 53 is divided by 32 + 0 + (6 - b).
15
Suppose -15*i - 10*i - 100 = 0. Let g = i - -171. What is the remainder when g is divided by 4?
3
Let y = 109 + -2. What is the remainder when y is divided by (-2)/(-5) + (-138)/(-1380) - (-43)/2?
19
What is the remainder when 50/(-4)*384/120*-4 is divided by 54?
52
Let w(j) = 2*j**3 + 2*j**2 + 2*j - 3. Let q be 4/(-14) - 4122/(-21). Suppose 28*f - q = 24*f. Calculate the remainder when f is divided by w(2).
24
Let c(d) = d**3 + 21*d**2 + 51*d - 51. Let n be c(-17). Suppose -5*j = -2*p + 4*p - 293, 4*j - n = 2*p. What is the remainder when 408 is divided by j?
54
Suppose -93 = -5*n + 7. Let t(o) = -7*o**2 - 812*o - 749. Calculate the remainder when t(-115) is divided by n.
16
Suppose 728*d - 660*d - 64124 = 0. Calculate the remainder when d is divided by 157.
1
Calculate the remainder when 819 is divided by (9 - (8 - (-48)/(-12))) + 141.
89
Let c(o) = -320*o + 343. Let u(n) = 7*n**3 + 2*n**2 - 7*n + 5. What is the remainder when u(4) is divided by c(1)?
20
Suppose -282 = -65*q + 18*q. Suppose 942 = 3*i + 5*x, -3*x = -3*i + q*i - 936. Calculate the remainder when i is divided by 10.
9
Let j(d) be the first derivative of 19*d**4/2 + d**3/3 + d**2/2 + 25. What is the remainder when j(1) is divided by 9?
4
Let i be (-4)/(-4 + (-24)/(-9)). Suppose i*g + 5*r = 90 + 56, 3*g + 3*r = 138. Calculate the remainder when 78 is divided by g.
36
Let w = -4612 - -4646. What is the remainder when 91 is divided by w?
23
Suppose 0*x + 40 = 5*x. Suppose x = 3*y - 13. Suppose n - 38 = -n - u, 3*n - 57 = -u. Calculate the remainder when n is divided by y.
5
Let r = -47 - -68. Calculate the remainder when (-2 + r/6)/((-1)/(-22)) is divided by 5.
3
Let h = 5782 + -5725. Calculate the remainder when 674 is divided by h.
47
Suppose 2*m + 226 = 13*m - 357. What is the remainder when 2172 is divided by m?
52
Suppose -75*u = 132*u - 28152. Calculate the remainder when u is divided by 1/((-2)/6) + 34.
12
Calculate the remainder when 645 is divided by (22 + (-8385)/60)/(6/(-32)).
17
Let f = 41 + -6. Let t = -17 + f. Suppose t*y - 21*y = -63. Calculate the remainder when y is divided by 12.
9
Let b(s) be the first derivative of -s**3/3 - 4*s**2 - 6*s + 3. Let n be b(-6). Let h = 0 + n. What is the remainder when 9 is divided by h?
3
Let j(z) = 3*z**2 + 17*z - 140. Calculate the remainder when 558 is divided by j(-15).
278
Suppose 8*u - 8 - 8 = 0. Suppose 10 = 3*j - u*j. Calculate the remainder when 71 is divided by 100/30*72/j.
23
Suppose 4*g - 164 = -36. Let m = g + -32. Suppose 11*p + 446 - 1469 = m. What is the remainder when p is divided by 19?
17
What is the remainder when (-12)/258 - (-605685)/645 is divided by 57?
27
Let t = -8382 - -8413. What is the remainder when 3459 is divided by t?
18
Let f = -237 + -1101. What is the remainder when 3/(-21) + (f/(-7) - 3) is divided by 10?
8
Let i(h) be the first derivative of h**2 + 24*h + 37. Let g be 3/(-3) - -11 - 3. What is the remainder when i(g) is divided by 13?
12
Let z(h) = 6*h**2 + 5*h. Let l be (-8)/40*-5 - 3. Suppose 2*o + 5*b - 35 = 0, 0*b - 40 = -4*o - 4*b. Calculate the remainder when z(l) is divided by o.
4
Calculate the remainder when 754*35*(-26)/(-1183) is divided by 136.
36
Let a(z) = -9*z - 2. Let g be a(-2). Suppose -17*l + g*l + 61 = 0. What is the remainder when 180 is divided by l?
58
Let n be (-45)/(-6) - (-2)/4. Let g be 1/(-4) + 534/(-8). Let h = n - g. What is the remainder when h is divided by 26?
23
Let f = 29237 + -29169. Calculate the remainder when 3326 is divided by f.
62
Let k = -91 + 91. Suppose -9*m + 15*m - 288 = k. Let y(n) = n**3 + 14*n**2 + n - 14. What is the remainder when y(-13) is divided by m?
46
Suppose -16*r - 35 = -99. Let m(z) = 6*z + 45. Let o be m(-7). Suppose -r*c = -3*t - o*c + 28, c = -t + 8. What is the remainder when 11 is divided by t?
2
Let t = -6699 + 8894. Calculate the remainder when t is divided by 13.
11
Let g(a) = 7*a - 17. Let n 